7 - (-2)/(-9). Suppose 0 = -5*z - v + m, 4*v = 2*z + 3*v - 31. Suppose 3*o - 28 = k, -3*o = -o - k - z. What is the tens digit of o?
1
Let a(i) be the third derivative of 1/3*i**3 + 0 + 0*i + 11*i**2 - 17/24*i**4. What is the units digit of a(-1)?
9
Suppose -50*v - 12230 = -5*k - 52*v, -4*k - 2*v + 9786 = 0. What is the hundreds digit of k?
4
Let f = -22 - -59. Let x be 2/(-3) - 5/(-3). What is the tens digit of f + -3 + 1/x?
3
Suppose -4*p + 2 = -3*u - 0*p, 3*p - 10 = -2*u. Suppose 3*l - 9 = -3*x, -u*l - 2 = -l - 4*x. What is the units digit of l?
2
Suppose 0 = -3*m - 3*k + 8076, 4*m - 7*m + 8088 = -k. What is the tens digit of m?
9
What is the tens digit of (-5 + 21/6)/((-21)/44884)?
0
Suppose 9*h = 11057 + 15421. What is the hundreds digit of h?
9
Let k(l) = l**3 - 5*l**2 - 2*l - 4. Let w be k(6). What is the units digit of (0 - 12)*(-25)/w?
5
Let a(z) = z**3 - z**2 + 3*z - 10. Let v(k) = -k**3 + k + 4. Let p be v(0). What is the tens digit of a(p)?
5
Let i(u) = -94*u - 105. What is the hundreds digit of i(-8)?
6
Let p(c) = -229*c - 91. What is the tens digit of p(-7)?
1
Let w(j) = 6*j**2 + 3*j + 17. Let v(f) = 3*f**2 + f + 8. Let g(h) = 9*v(h) - 4*w(h). Suppose -8 = -2*x - 0. What is the tens digit of g(x)?
4
Let x be (28/(-4))/(0 - 1). Let t = 17 - x. What is the units digit of (72/(-45))/((-4)/t)?
4
Let v(u) = 69*u**2 + u + 1. Let j be v(1). Let m = 208 - j. What is the units digit of m?
7
What is the thousands digit of ((-1078)/(-70) + -15)/((-2)/(-12745))?
2
Let l = -390 + 2194. Suppose -640 + l = 6*f. What is the hundreds digit of f?
1
Suppose -4*t + 3*t = 50. What is the tens digit of 510/t*(-4 + -1)?
5
What is the units digit of ((-14)/(-28))/((-2)/(-1996))?
9
Let a(k) = 37*k + 252. What is the hundreds digit of a(17)?
8
Let d = 10 - -6. Let c = 2 - d. Let y = 38 + c. What is the units digit of y?
4
Let x = 8937 + -5957. What is the thousands digit of x?
2
Suppose -2*p + 4*h = 58, -2*p - 77 = p + 4*h. Let o be (p/(-6))/(6/16). What is the units digit of 4/6 + 256/o?
2
What is the units digit of (1 + 0)/(106/28726)?
1
Let h = 669 + -38. What is the hundreds digit of h?
6
Let q(v) be the second derivative of v**3/6 + 7*v**2 - v. Let j be q(-11). Suppose 0 = j*k - k - 66. What is the tens digit of k?
3
Let u(i) = -i**2 + 14*i + 17. Let c be u(12). Let m = 95 - c. What is the tens digit of m?
5
Let m = 2991 + -2039. What is the units digit of m?
2
Let y = 6884 + -4167. What is the tens digit of y?
1
Suppose m - 5*m + 22 = 2*v, v + 3*m - 16 = 0. Let h be (-50)/(v/1*-2). Suppose -8*f + 3*r = -3*f - 40, 3*r + h = 2*f. What is the units digit of f?
5
Suppose z + z - 12 = 2*p, 2*z = -5*p - 23. Suppose 4*h + 5*o - z = 2*h, -2*o + 13 = 5*h. Suppose h*a - 7*a + 92 = 0. What is the tens digit of a?
2
Let p be 3 + 165*(-1)/(-1). Suppose 196 = -4*x - v, 2*v + p - 413 = 5*x. Let i = x - -82. What is the units digit of i?
3
Let t = 283 - 440. Let j = -103 - t. What is the units digit of j?
4
Suppose 0 = 5*u + 2*c - 2747, 0 = 10*u - 8*u - 2*c - 1096. What is the units digit of u?
9
Let a(j) = j**3 + 11*j**2 + 8*j + 7. Let o be a(-10). Let p = o + -22. Suppose p*k - 3*k = 10, -2*l + 89 = -3*k. What is the units digit of l?
2
What is the units digit of (-10 + 11 - -10405)*(-1)/(-2)?
3
What is the tens digit of ((-746)/10)/(-6 - (-145)/25)?
7
What is the thousands digit of ((-76)/(-57))/((-2)/(-2073))?
1
Suppose -5*a - 46 = 2*s, 3*a - 3*s + 0*s = -15. Let l(q) = q**2 - 4*q - 30. What is the tens digit of l(a)?
6
Let f(j) = j**2 - 6*j - 1. Let r be f(6). Let x(u) = 5*u**2 + u. Let w be x(r). What is the tens digit of 2*(-2)/w - -44?
4
Let l = 111 - -795. What is the units digit of l?
6
Suppose -v + 0*v = -5*v. Suppose v*b - b = -5*r - 6, -b - 3*r = -6. What is the units digit of b?
6
Suppose -j + x + 6613 = 0, -2*j - 3*x + 455 = -12796. What is the thousands digit of j?
6
What is the units digit of ((-6456)/9)/(-4)*(-3)/(-1)?
8
Let z(j) = j**3 + 14*j**2 - j + 2. Let b be z(-13). What is the units digit of b/(-6)*(-3)/2?
6
Let f = -661 - -961. What is the units digit of f?
0
Let n(f) = 9*f - 10. Let q be n(9). Suppose 2*a + q = 6*a - y, 0 = -3*a - 2*y + 45. What is the units digit of a?
7
Let u(m) = -m**3 - 13*m**2 + 3*m + 15. Let k be u(-15). Let t = -240 + k. What is the hundreds digit of t?
1
Let d be 4 - 4*(-1 - -2). Suppose d = -2*o + 50 + 50. What is the tens digit of o?
5
Let t = -420 + 897. What is the tens digit of t?
7
Let y be (2/(-4) - -1)/(4/1216). Suppose 6*m - y - 604 = 0. What is the hundreds digit of m?
1
Let q = -1349 - -1527. What is the units digit of q?
8
Suppose d - 2 = 2*n, -11*n - 1 = 2*d - 10*n. Let l(i) = -i**2 - 2*i + 14. What is the tens digit of l(d)?
1
Suppose 0 = 5*n + 3*l - 21, 11 = n + 215*l - 211*l. Let f = 0 + 0. Suppose -8*o + n*o + 360 = f. What is the units digit of o?
2
Let v be (14/(-4))/((-1)/2). Suppose 0 = -v*h + 11*h - 208. What is the tens digit of h?
5
Let s(d) = 16*d**2 + 2. Let q be s(-3). Suppose -4*z = -3*p - q, 4*p = 3 + 5. What is the units digit of z?
8
Let f(h) = -21 + 34 - 5*h - 4*h. What is the tens digit of f(-7)?
7
Suppose 28 = 4*o - 7*u + 3*u, 55 = 4*o + 5*u. Let w = o - -16. What is the tens digit of w?
2
Let q = -70 - -72. Suppose 0 = -p, -186 = -3*a + p + q*p. What is the tens digit of a?
6
Let i be 5408 + 5 + -1 - -3. What is the tens digit of i/38 - (2/(-4) + -1)?
4
Let h be (0 - (-9)/6) + (-3)/2. What is the tens digit of -234*((-10)/15 + h)?
5
Let g(x) = 1508*x**2 + 2. What is the thousands digit of g(-1)?
1
Let l(x) = -x**2 - 21*x + 9. Suppose 0 = -0*t + 4*t + 4*u - 12, 12 = 2*t + 5*u. Let i = t + -18. What is the units digit of l(i)?
7
Let x(r) = -91*r**3 - 6*r**2 + 5*r - 2. What is the hundreds digit of x(-3)?
3
Let n(r) = r**3 + 8*r**2 - 11*r + 9. Suppose -3*v = o - 6, 2*o - 5*v = -9 - 12. Let q be ((-36)/(-8))/(o/6). What is the units digit of n(q)?
7
Let n be -2 + 11/(-7) + 15/(-35). What is the tens digit of 2 - (1 - n) - -209?
0
Let v(d) = -d**2 - 48*d - 91. What is the units digit of v(-22)?
1
Let y(f) = f**3 + 6*f**2 - f + 441. What is the tens digit of y(0)?
4
Let t(a) = -2*a**2 + 3*a - 5. Let z(l) = l**2 - l + 1. Let d(v) = t(v) + 3*z(v). Let f be d(-2). Suppose 0*p + f*p - 60 = 0. What is the tens digit of p?
3
Suppose -78*c + 106865 = -11*c. What is the hundreds digit of c?
5
Suppose -5*r + 637 = -3*c, -12 = -4*c + 7*c. What is the tens digit of r?
2
Let i(l) be the third derivative of l**6/360 - l**5/12 + l**4/8 + 3*l**3/2 + 4*l**2. Let m(w) be the first derivative of i(w). What is the units digit of m(13)?
2
Let k = -1379 + 2230. Suppose 5*v - 81 = 3*g - k, -2*g = 5*v - 530. What is the tens digit of g?
6
Suppose -19*p + 189 = -16*p. Let v = -25 + p. What is the tens digit of v?
3
Let j = -57 - -69. Suppose 0 = -w - 6 - 1. Let c = j + w. What is the units digit of c?
5
Suppose 226 + 182 = 4*f. What is the units digit of f?
2
What is the thousands digit of 25/((-2)/1106*-7) + 2?
1
Let x(y) be the second derivative of y**7/2520 + y**6/60 + y**5/60 + y**4/12 - 3*y. Let s(n) be the third derivative of x(n). What is the units digit of s(-12)?
2
Let z be 1*-2*(-6 + 5). Let v(f) = 2*f**2 - 4*f + 3. Let g be v(z). What is the units digit of 2/8 - g/(-4)?
1
Suppose -900 = -5*w + 65. Suppose -2*g + 73 - w = 0. What is the units digit of (-1750)/g + 2/(-12)?
9
Let a be (3 + -7)*1/(-2). Let c(p) = -5*p - a*p + 9 + 0*p + 6. What is the tens digit of c(-6)?
5
Suppose -l = -3*i - 3*l - 13, 4*i + 16 = -4*l. Let g = 43 + i. Let x = 57 - g. What is the tens digit of x?
1
Let s = -4 - -4. Let f be -6 + -9 - (0 - s). Let a = 2 - f. What is the units digit of a?
7
Let q(d) = -4*d - 12. Let o be q(-8). Let y = o - 15. Suppose y*v - 30 = 25. What is the units digit of v?
1
Suppose -555 = 2*c - c + 3*w, 1705 = -3*c - w. Let m = -396 - c. What is the units digit of m?
4
Suppose -4*r + 16 = 0, 2*r + 2 = 3*n - n. What is the units digit of 7*n/(105/306)?
2
Suppose -3*y + 2*w = -152 - 175, 0 = 2*y + w - 225. What is the tens digit of y?
1
Let d(j) = 29*j - 22. Suppose 5*h - 6*w = -w + 60, h = 2*w + 17. What is the units digit of d(h)?
1
Suppose 0 = -2*n + 18 - 0. Suppose -n*a + 2*a = -532. What is the tens digit of a?
7
Suppose -7*d = -547 - 34. Suppose -d = -8*u + 69. What is the units digit of u